t of 26328154?
5
What is the millions digit of 392028230?
2
What is the units digit of 407495585?
5
What is the millions digit of 146303476?
6
What is the ten millions digit of 414237876?
1
What is the ten millions digit of 54670998?
5
What is the units digit of 74313469?
9
What is the units digit of 596502937?
7
What is the hundred millions digit of 680620469?
6
What is the hundred thousands digit of 3074831414?
8
What is the tens digit of 1069870291?
9
What is the hundreds digit of 707293480?
4
What is the ten thousands digit of 128162357?
6
What is the hundreds digit of 84314687?
6
What is the tens digit of 50825609?
0
What is the ten millions digit of 85216348?
8
What is the ten millions digit of 55441240?
5
What is the ten thousands digit of 125390530?
9
What is the hundred thousands digit of 3914971788?
9
What is the tens digit of 5855996410?
1
What is the billions digit of 1683046392?
1
What is the thousands digit of 263354227?
4
What is the billions digit of 1494769297?
1
What is the tens digit of 186923103?
0
What is the ten thousands digit of 45718734?
1
What is the units digit of 12748777?
7
What is the ten thousands digit of 1032617269?
1
What is the thousands digit of 408844039?
4
What is the ten thousands digit of 624719816?
1
What is the ten thousands digit of 140736967?
3
What is the ten thousands digit of 351120735?
2
What is the tens digit of 96672909?
0
What is the ten millions digit of 894840201?
9
What is the tens digit of 1221802591?
9
What is the hundred thousands digit of 107579987?
5
What is the thousands digit of 54776482?
6
What is the hundreds digit of 1332955284?
2
What is the millions digit of 27635115?
7
What is the units digit of 154956821?
1
What is the tens digit of 173032798?
9
What is the hundred thousands digit of 540317657?
3
What is the ten millions digit of 1570854662?
7
What is the hundreds digit of 530632485?
4
What is the hundreds digit of 563634101?
1
What is the units digit of 47044746?
6
What is the hundreds digit of 6820520160?
1
What is the hundred millions digit of 3596639574?
5
What is the hundreds digit of 3018491374?
3
What is the tens digit of 79765753?
5
What is the hundred thousands digit of 22934101?
9
What is the hundreds digit of 122476062?
0
What is the ten thousands digit of 346012160?
1
What is the hundreds digit of 75562590?
5
What is the ten thousands digit of 46398999?
9
What is the tens digit of 104861303?
0
What is the hundred thousands digit of 23525343?
5
What is the hundreds digit of 742430542?
5
What is the hundreds digit of 94892879?
8
What is the ten thousands digit of 295932617?
3
What is the hundreds digit of 932430134?
1
What is the tens digit of 1591188133?
3
What is the millions digit of 22342176?
2
What is the ten thousands digit of 57348111?
4
What is the ten millions digit of 47778800?
4
What is the hundreds digit of 111435096?
0
What is the hundred thousands digit of 5790660823?
6
What is the hundreds digit of 4345386900?
9
What is the hundred millions digit of 572026196?
5
What is the hundreds digit of 133159979?
9
What is the millions digit of 2041153500?
1
What is the hundred thousands digit of 6173119?
1
What is the units digit of 344264976?
6
What is the ten thousands digit of 319441013?
4
What is the units digit of 109376473?
3
What is the ten thousands digit of 1325475017?
7
What is the hundred millions digit of 1134067411?
1
What is the ten thousands digit of 341664?
4
What is the units digit of 53861960?
0
What is the billions digit of 2570684724?
2
What is the ten thousands digit of 33604342?
0
What is the ten millions digit of 13890339?
1
What is the hundred millions digit of 179766556?
1
What is the hundreds digit of 22556407?
4
What is the millions digit of 1338272613?
8
What is the hundreds digit of 598329487?
4
What is the hundred millions digit of 785176568?
7
What is the ten millions digit of 3494339312?
9
What is the thousands digit of 3086430318?
0
What is the tens digit of 730924838?
3
What is the hundred millions digit of 1392065189?
3
What is the hundred thousands digit of 41215704?
2
What is the units digit of 418165285?
5
What is the units digit of 48562790?
0
What is the tens digit of 28179499?
9
What is the tens digit of 66027115?
1
What is the hundred thousands digit of 28402483?
4
What is the ten millions digit of 14075060?
1
What is the ten millions digit of 276545485?
7
What is the ten thousands digit of 1985517033?
1
What is the hundreds digit of 3553049002?
0
What is the tens digit of 15345754?
5
What is the tens digit of 3122716754?
5
What is the hundred thousands digit of 788865101?
8
What is the billions digit of 1664921265?
1
What is the thousands digit of 99089767?
9
What is the ten millions digit of 148431882?
4
What is the hundred thousands digit of 25273882?
2
What is the millions digit of 1908001091?
8
What is the ten millions digit of 145078589?
4
What is the hundreds digit of 117118?
1
What is the ten millions digit of 27439046?
2
What is the hundred thousands digit of 609571092?
5
What is the ten millions digit of 72528304?
7
What is the thousands digit of 5839772596?
2
What is the ten millions digit of 20819704?
2
What is the tens digit of 38967582?
8
What is the thousands digit of 442496705?
6
What is the thousands digit of 20507044?
7
What is the ten thousands digit of 47101949?
0
What is the units digit of 393920968?
8
What is the units digit of 229066954?
4
What is the ten thousands digit of 114622431?
2
What is the hundred thousands digit of 175076578?
0
What is the thousands digit of 99399566?
9
What is the units digit of 993607642?
2
What is the hundred thousands digit of 1758507114?
5
What is the ten millions digit of 77551080?
7
What is the hundreds digit of 189652632?
6
What is the ten thousands digit of 546955726?
5
What is the tens digit of 48412011?
1
What is the millions digit of 124138581?
4
What is the ten thousands digit of 1430987251?
8
What is the millions digit of 13872292?
3
What is the ten millions digit of 4666145363?
6
What is the hundred thousands digit of 69255372?
2
What is the tens digit of 4777554?
5
What is the ten millions digit of 349489955?
4
What is the ten thousands digit of 3929538584?
3
What is the hundred thousands digit of 13641159?
6
What is the thousands digit of 13476791?
6
What is the hundred thousands digit of 166683321?
6
What is the units digit of 22100890?
0
What is the thousands digit of 1762801261?
1
What is the ten millions digit of 70869025?
7
What is the thousands digit of 278142698?
2
What is the millions digit of 45835699?
5
What is the millions digit of 201154875?
1
What is the ten thousands digit of 39407735?
0
What is the hundred thousands digit of 630739096?
7
What is the hundred millions digit of 1420210537?
4
What is the ten thousands digit of 35203004?
0
What is the thousands digit of 393845537?
5
What is the hundreds digit of 663132862?
8
What is the hundred millions digit of 9063165267?
0
What is the hundred thousands digit of 19425139?
4
What is the thousands digit of 294038720?
8
What is the hundred millions digit of 4572666842?
5
What is the hundred thousands digit of 4895547?
8
What is the units digit of 192263266?
6
What is the thousands digit of 692324604?
4
What is the tens digit of 39480730?
3
What is the units digit of 66677293?
3
What is the hundred millions digit of 219494613?
2
What is the millions digit of 2707153571?
7
What is the hundred millions digit of 103766756?
1
What is the millions digit of 26233380?
6
What is the ten millions digit of 10110258?
1
What is the thousands digit of 276120505?
0
What is the tens digit of 85819773?
7
What is the tens digit of 233229066?
6
What is the ten thousands digit of 452994134?
9
What is the millions digit of 4054828068?
4
What is the ten thousands digit of 270146060?
4
What is the ten thousands digit of 4008320831?
2
What is the tens digit of 19507732?
3
What is the millions digit of 4296617955?
6
What is the millions digit of 17135776?
7
What is the hundreds digit of 73344800?
8
What is the units digit of 1777717224?
4
What is the millions digit of 2508848115?
8
What is the tens digit of 800625806?
0
What is the millions digit of 3211684?
3
What is the units digit of 40731664?
4
What is the ten m